401*g**2 + 364*g - 46347. Calculate t(-199).
20
Let m(a) = -a**3 - 25*a**2 - 97*a - 668. What is m(-20)?
-728
Let k(o) = -o**3 + 39*o**2 - 399*o + 15597. Give k(39).
36
Let r(t) = -36*t**2 - 534*t - 305. Determine r(-14).
115
Let g(h) = -h**3 + 97*h**2 - 351*h + 6542. Give g(94).
56
Let r(z) = -17141*z - 2588261. What is r(-151)?
30
Let m(c) = c**3 + 6*c**2 + 4268*c + 17068. Determine m(-4).
28
Let s(l) = 24*l**2 + 589*l + 134. Give s(-25).
409
Let v(b) = 28986*b - 202895. Give v(7).
7
Let d(m) = 6*m**3 + 446*m**2 - 263*m + 2873. Give d(-75).
98
Let y(j) = -32*j**2 - 1081*j + 4790. Give y(4).
-46
Let i(j) = 3*j**3 - 2701*j**2 - 41189*j + 29. Calculate i(-15).
14
Let n(o) = 3*o**2 - 153*o - 913. Give n(70).
3077
Let v(r) = 613*r - 1839. Give v(3).
0
Let b(s) = 33*s**3 - 3196*s**2 - 483*s - 202. Calculate b(97).
-8
Let d(b) = -b**3 + 172*b**2 + 113*b + 10424. What is d(173)?
44
Let r(l) = l**3 + 80*l**2 + 842*l - 450. Give r(-13).
-73
Let z(x) = x**3 + 193*x**2 + 8569*x - 802. Calculate z(-124).
-2414
Let u(b) = -44404*b + 444033. What is u(10)?
-7
Let o(l) = -1550897*l + 6203545. Determine o(4).
-43
Let v(g) = -3*g**3 + 24*g**2 + 379*g + 74. Determine v(16).
-6
Let g(l) = -13*l**2 - 241*l + 747. Calculate g(-22).
-243
Let z(m) = -195*m**2 - 68*m + 72. What is z(-1)?
-55
Let g(h) = -6*h**2 + 352*h + 47100. Give g(-64).
-4
Let n(r) = -18*r**2 - 2008*r - 38486. What is n(-87)?
-32
Let q(d) = 4*d**2 - 99*d - 1267. What is q(28)?
-903
Let v(i) = i**3 - 14*i**2 - 49*i + 581. What is v(10)?
-309
Let o(k) = 2627*k + 28970. Give o(-11).
73
Let x(y) = 113666*y + 2727992. Calculate x(-24).
8
Let n(u) = 620*u - 16693. Calculate n(27).
47
Let x(p) = -152*p**2 - 42413*p - 1416. Give x(-279).
-21
Let j(r) = -87*r - 5526. Determine j(-63).
-45
Let d(f) = -f**3 + 67*f**2 + 69*f - 28. Give d(68).
40
Let o(i) = -i**3 - 56*i**2 - 237*i + 893. Calculate o(-51).
-25
Let x(o) = -850*o + 1719. Give x(2).
19
Let d(f) = 50919*f + 152688. Determine d(-3).
-69
Let k(w) = -w**3 - 19124*w + 25. Give k(0).
25
Let b(p) = 4*p**2 - 159*p + 445. Give b(-16).
4013
Let b(k) = -k**3 - 481*k**2 - 1047*k - 42901. Determine b(-479).
-270
Let y(v) = 2669469*v - 42711507. Calculate y(16).
-3
Let l(y) = 15*y**2 - 1592*y + 26840. What is l(21)?
23
Let a(s) = 2*s**2 - 16372*s - 840160. Determine a(-51).
14
Let t(n) = n**2 - 64545*n - 322746. What is t(-5)?
4
Let i(o) = 5*o**2 + 191*o - 739. What is i(4)?
105
Let a(h) = -17*h**2 - 167*h + 1341. What is a(7)?
-661
Let b(c) = -3278*c - 3697. Determine b(-1).
-419
Let j(u) = -170*u + 6182. Determine j(36).
62
Let t(v) = v**2 + 507*v + 48820. What is t(-129)?
58
Let y(m) = -m**3 - 86*m**2 - 412*m - 7688. What is y(-82)?
-800
Let n(i) = 3*i**3 - 9*i**2 + 124*i - 1845. Determine n(10).
1495
Let h(c) = 541*c - 22696. Calculate h(37).
-2679
Let n(t) = 2*t**2 + 742*t + 24000. Give n(-334).
-716
Let m(y) = 2*y**2 + 96*y + 1002. Determine m(-48).
1002
Let l(r) = -2*r**2 - 485*r - 16913. Calculate l(-200).
87
Let d(o) = -o**3 + 196*o**2 + 5032*o + 1300. Give d(219).
205
Let y(z) = -z**2 + 32*z - 432. Determine y(30).
-372
Let u(r) = r**3 + 75*r**2 + 111*r - 2619. Give u(-73).
-64
Let x(w) = -8175*w + 147172. What is x(18)?
22
Let t(r) = 1810*r - 43957. Determine t(24).
-517
Let t(z) = 349411*z + 34591690. Determine t(-99).
1
Let y(k) = -8529*k + 9160145. What is y(1074)?
-1
Let c(b) = b**3 - 164*b**2 + 4435*b - 1965. Give c(130).
-15
Let i(j) = 2*j**2 - 5078*j + 70658. Give i(14).
-42
Let j(k) = 1631*k + 76143. Give j(-47).
-514
Let w(g) = -7*g**2 + 1790*g - 16039. Calculate w(9).
-496
Let o(j) = -4*j**3 + 87*j**2 - 475*j + 69. Calculate o(12).
-15
Let v(o) = -202*o**2 + 1724*o - 3521. Give v(2).
-881
Let h(p) = -3*p**2 - 18*p + 294. What is h(10)?
-186
Let f(h) = 7*h**2 + 2190*h + 42596. Calculate f(-292).
-36
Let b(y) = -3*y**3 + 64*y**2 + 752*y - 16811. Give b(19).
4
Let f(y) = -17*y**3 + 2399*y**2 - 288*y + 838. Determine f(141).
-8
Let u(g) = 4186*g + 673934. Give u(-161).
-12
Let p(y) = -32*y**3 + 215*y**2 + 10*y + 19. What is p(7)?
-352
Let a(h) = 3*h**3 + 99*h**2 + 6*h - 213. Determine a(-33).
-411
Let t(m) = -4*m**2 - 121*m - 103. Calculate t(-29).
42
Let h(c) = c**3 + 31*c**2 - 53*c - 1913. Determine h(-30).
577
Let v(y) = y**3 + 67*y**2 - 35*y - 34351. Determine v(-30).
-1
Let c(k) = -k**3 + 6*k**2 - 52194*k + 313155. Give c(6).
-9
Let p(z) = 8*z**3 - 168*z**2 - 19*z + 441. Give p(21).
42
Let j(w) = 270*w**2 + 1854*w - 94. Give j(-7).
158
Let i(z) = -3897754*z - 27284280. Determine i(-7).
-2
Let u(n) = 54*n**3 + 244*n**2 - 992*n - 3082. Give u(-6).
-10
Let y(m) = 1229*m + 8970. Determine y(-7).
367
Let l(q) = -q**3 + 121*q**2 + 1470*q - 73475. What is l(128)?
-3
Let o(x) = 507*x + 5075. What is o(-10)?
5
Let n(z) = -15704*z - 157033. Calculate n(-10).
7
Let r(q) = 3*q**2 + 307416*q - 922260. Calculate r(3).
15
Let v(h) = -236*h**2 + 10605*h + 679. Calculate v(45).
4
Let x(q) = -1836*q + 270330. Calculate x(148).
-1398
Let j(a) = -4939*a - 93837. Calculate j(-19).
4
Let g(i) = 17977*i + 1024681. Determine g(-57).
-8
Let l(q) = -1608*q + 297517. Determine l(185).
37
Let p(m) = m**2 + 1610*m - 481964. What is p(258)?
-20
Let z(q) = 103827*q + 934398. Calculate z(-9).
-45
Let p(s) = 885*s - 215026. What is p(243)?
29
Let t(f) = 40*f**2 + 8058*f + 31586. Give t(-4).
-6
Let p(i) = -7*i**3 - 333*i**2 - 188*i - 55. Calculate p(-47).
-55
Let a(s) = 6097*s - 579225. Give a(95).
-10
Let r(g) = -g**2 - 73882*g + 6879692. Give r(93).
17
Let p(q) = -q**3 - 110*q**2 - 6678*q - 753528. Calculate p(-111).
51
Let b(c) = 46958*c + 563488. What is b(-12)?
-8
Let g(p) = -9143*p + 146308. What is g(16)?
20
Let z(h) = 71867*h + 58068538. What is z(-808)?
2
Let s(h) = -h**3 - 21*h**2 - 293*h - 8679. Calculate s(-24).
81
Let c(z) = -2*z**2 - 4461*z - 62034. Determine c(-14).
28
Let j(u) = u**2 - 2277*u - 11388. Determine j(-5).
22
Let n(v) = 37*v**2 + 1305*v. Calculate n(-36).
972
Let m(j) = -j**3 + 97*j**2 - 840*j - 21160. Calculate m(84).
8
Let h(v) = -6410*v + 1897359. Give h(296).
-1
Let o(n) = -4*n**3 + 1005*n**2 + 1773*n - 429. Give o(253).
77
Let u(o) = -7*o**2 + 296*o - 812. What is u(40)?
-172
Let b(a) = a**3 - 38*a**2 - 17*a - 850. What is b(39)?
8
Let r(i) = -3*i**2 - 7594*i + 68275. What is r(9)?
-314
Let v(x) = -120*x + 4158. Calculate v(33).
198
Let n(j) = 947*j + 1773. Determine n(-2).
-121
Let h(c) = -2336*c - 2020. Determine h(0).
-2020
Let i(g) = -41*g**3 + 141*g**2 + 114*g - 27. Give i(-1).
41
Let u(d) = -d**3 + 355*d**2 + 700*d + 4843. What is u(357)?
-155
Let j(m) = m**3 + 105*m**2 - 96*m + 1115. Calculate j(-106).
55
Let l(p) = 44*p**2 - 28917*p - 1. Calculate l(0).
-1
Let v(a) = a**3 + 6*a**2 - 640*a - 3189. What is v(-5)?
36
Let j(b) = 4*b**2 - 43*b - 493. Give j(-16).
1219
Let c(u) = -18283*u - 91430. Give c(-5).
-15
Let z(j) = -16557*j + 32921. Give z(2).
-193
Let n(y) = -96*y + 1758. Give n(19).
-66
Let g(w) = w**3 - 56*w**2 - 287*w + 723. Determine g(60).
-2097
Let b(l) = l**3 - 8*l**2 + 1299*l - 19913. Determine b(15).
1147
Let x(p) = 83592*p + 1253694. What is x(-15)?
-186
Let q(h) = -h**3 + 64*h**2 - 568*h + 358. Calculate q(10).
78
Let i(m) = m**3 - 60*m**2 + 4312. Determine i(59).
831
Let k(n) = 3991*n + 13564. Determine k(-3).
1591
Let f(d) = 1072160*d + 10721583. What is f(-10)?
-17
Let w(p) = -8*p**3 - 62*p**2 - 184*p - 7. Determine w(-3).
203
Let t(a) = -6167*a - 61280. Give t(-10).
390
Let w(x) = 2*x**3 + 422*x**2 - 5802*x + 4946. Give w(-224).
18
Let t(u) = 51*u**2 + 5222*u + 2017. Determine t(-102).
-23
Let s(i) = 2492*i - 124603. Give s(50).
-3
Let n(o) = 2*o**2 + 7771*o - 31115. What is n(4)?
1
Let t(a) = -a**2 - 313*a - 18472. Calculate t(-229).
764
Let l(y) = 10511*y - 10679. Give l(1).
-168
Let i(f) = -88024*f + 8. Determine i(0).
8
Let m(j) = 124*j + 5009. Calculate m(-39).
173
Let z(x) = -231*x - 4760. Calculate z(-22).
322
Let x(u) = -2*u**2 - 417*u + 6240. Give x(14).
10
Let k(h) = 4*h**3 - 86*h**2 - 355*h + 74. Determine k(25).
-51
Let w(i) = -59*i**2 - 1926*i + 2727. Calculate w(-34).
7
Let j(q) = 105948*q + 1165417. Calculate j(-11).
-11
Let o(n) = -n**3 - 327*n**2 - 79*n + 80370. Give o(-326).
-152
Let x(k) = 265*k + 35911. Give x(-136).
-129
Let t(m) = m**2 + 15240*m - 1025571. Determine t(67).
-2
Let x(h) =